572?
2, 11, 13
List the prime factors of 38371.
38371
What are the prime factors of 7027?
7027
List the prime factors of 929.
929
List the prime factors of 2364.
2, 3, 197
What are the prime factors of 7665?
3, 5, 7, 73
List the prime factors of 8446.
2, 41, 103
List the prime factors of 6688.
2, 11, 19
What are the prime factors of 545?
5, 109
List the prime factors of 4262.
2, 2131
What are the prime factors of 1375?
5, 11
What are the prime factors of 369?
3, 41
What are the prime factors of 6031?
37, 163
What are the prime factors of 27096?
2, 3, 1129
List the prime factors of 6969.
3, 23, 101
What are the prime factors of 60591?
3, 19, 1063
List the prime factors of 5623.
5623
What are the prime factors of 1471?
1471
What are the prime factors of 19415?
5, 11, 353
List the prime factors of 1611.
3, 179
List the prime factors of 5161.
13, 397
What are the prime factors of 1953?
3, 7, 31
What are the prime factors of 1728?
2, 3
List the prime factors of 4735.
5, 947
List the prime factors of 78169.
7, 13, 859
What are the prime factors of 15782?
2, 13, 607
What are the prime factors of 15672?
2, 3, 653
What are the prime factors of 19975?
5, 17, 47
List the prime factors of 8040.
2, 3, 5, 67
What are the prime factors of 3982?
2, 11, 181
What are the prime factors of 1909?
23, 83
What are the prime factors of 110070?
2, 3, 5, 1223
List the prime factors of 127969.
73, 1753
List the prime factors of 29906.
2, 19, 787
List the prime factors of 16600.
2, 5, 83
List the prime factors of 801.
3, 89
What are the prime factors of 640?
2, 5
List the prime factors of 9802.
2, 13, 29
What are the prime factors of 1272?
2, 3, 53
List the prime factors of 2112.
2, 3, 11
List the prime factors of 1665.
3, 5, 37
What are the prime factors of 2866?
2, 1433
List the prime factors of 15983.
11, 1453
What are the prime factors of 55257?
3, 113, 163
What are the prime factors of 2096?
2, 131
What are the prime factors of 4269?
3, 1423
What are the prime factors of 757?
757
List the prime factors of 358.
2, 179
List the prime factors of 861.
3, 7, 41
List the prime factors of 3120.
2, 3, 5, 13
What are the prime factors of 2220?
2, 3, 5, 37
What are the prime factors of 60?
2, 3, 5
List the prime factors of 9801.
3, 11
What are the prime factors of 1461?
3, 487
What are the prime factors of 909?
3, 101
List the prime factors of 52103.
52103
What are the prime factors of 3282?
2, 3, 547
What are the prime factors of 17850?
2, 3, 5, 7, 17
What are the prime factors of 7775?
5, 311
What are the prime factors of 221?
13, 17
List the prime factors of 12435.
3, 5, 829
What are the prime factors of 16686?
2, 3, 103
List the prime factors of 1299.
3, 433
What are the prime factors of 5550?
2, 3, 5, 37
What are the prime factors of 23446?
2, 19, 617
What are the prime factors of 19408?
2, 1213
List the prime factors of 961.
31
List the prime factors of 52648.
2, 6581
List the prime factors of 48915.
3, 5, 1087
What are the prime factors of 2093?
7, 13, 23
What are the prime factors of 2391?
3, 797
List the prime factors of 1860.
2, 3, 5, 31
What are the prime factors of 4639?
4639
What are the prime factors of 4781?
7, 683
What are the prime factors of 13348?
2, 47, 71
List the prime factors of 1368.
2, 3, 19
List the prime factors of 2189.
11, 199
What are the prime factors of 818?
2, 409
What are the prime factors of 38305?
5, 47, 163
What are the prime factors of 707?
7, 101
What are the prime factors of 4784?
2, 13, 23
What are the prime factors of 42826?
2, 7, 19, 23
List the prime factors of 39870.
2, 3, 5, 443
List the prime factors of 6879.
3, 2293
List the prime factors of 3303.
3, 367
What are the prime factors of 1139?
17, 67
List the prime factors of 118.
2, 59
List the prime factors of 30018.
2, 3, 5003
List the prime factors of 5856.
2, 3, 61
List the prime factors of 13252.
2, 3313
List the prime factors of 60089.
60089
What are the prime factors of 104274?
2, 3, 1931
What are the prime factors of 54518?
2, 27259
List the prime factors of 1153.
1153
What are the prime factors of 2543?
2543
What are the prime factors of 8123?
8123
List the prime factors of 37096.
2, 4637
What are the prime factors of 1451?
1451
What are the prime factors of 4430?
2, 5, 443
List the prime factors of 1451.
1451
What are the prime factors of 5817?
3, 7, 277
What are the prime factors of 408?
2, 3, 17
What are the prime factors of 32839?
32839
List the prime factors of 1533.
3, 7, 73
List the prime factors of 12644.
2, 29, 109
List the prime factors of 1052.
2, 263
What are the prime factors of 9831?
3, 29, 113
List the prime factors of 2563.
11, 233
List the prime factors of 1612.
2, 13, 31
List the prime factors of 21977.
21977
What are the prime factors of 34167?
3, 7, 1627
List the prime factors of 2618.
2, 7, 11, 17
What are the prime factors of 412?
2, 103
List the prime factors of 4607.
17, 271
List the prime factors of 6613.
17, 389
What are the prime factors of 4917?
3, 11, 149
What are the prime factors of 1677?
3, 13, 43
List the prime factors of 28179.
3, 31, 101
List the prime factors of 622.
2, 311
List the prime factors of 248.
2, 31
What are the prime factors of 16595?
5, 3319
What are the prime factors of 6447?
3, 7, 307
What are the prime factors of 17?
17
List the prime factors of 788.
2, 197
What are the prime factors of 20314?
2, 7, 1451
List the prime factors of 105.
3, 5, 7
List the prime factors of 2310.
2, 3, 5, 7, 11
List the prime factors of 247.
13, 19
List the prime factors of 31055.
5, 6211
List the prime factors of 5564.
2, 13, 107
List the prime factors of 13340.
2, 5, 23, 29
List the prime factors of 2815.
5, 563
List the prime factors of 4906.
2, 11, 223
What are the prime factors of 1430?
2, 5, 11, 13
What are the prime factors of 19454?
2, 71, 137
What are the prime factors of 10734?
2, 3, 1789
What are the prime factors of 25097?
25097
What are the prime factors of 33682?
2, 11, 1531
List the prime factors of 1303.
1303
What are the prime factors of 3788?
2, 947
List the prime factors of 5766.
2, 3, 31
What are the prime factors of 148997?
148997
List the prime factors of 2607.
3, 11, 79
What are the prime factors of 3993?
3, 11
List the prime factors of 65437.
65437
What are the prime factors of 160708?
2, 40177
What are the prime factors of 742?
2, 7, 53
List the prime factors of 2057.
11, 17
What are the prime factors of 1061?
1061
List the prime factors of 5923.
5923
List the prime factors of 3598.
2, 7, 257
List the prime factors of 10717.
7, 1531
What are the prime factors of 2912?
2, 7, 13
List the prime factors of 3321.
3, 41
What are the prime factors of 2026?
2, 1013
List the prime factors of 15732.
2, 3, 19, 23
List the prime factors of 838.
2, 419
What are the prime factors of 370?
2, 5, 37
List the prime factors of 50764.
2, 7, 37
List the prime factors of 1260.
2, 3, 5, 7
List the prime factors of 53592.
2, 3, 7, 11, 29
What are the prime factors of 88920?
2, 3, 5, 13, 19
List the prime factors of 1472.
2, 23
List the prime factors of 12943.
7, 43
List the prime factors of 7140.
2, 3, 5, 7, 17
What are the prime factors of 135?
3, 5
What are the prime factors of 632?
2, 79
What are the prime factors of 32267?
41, 787
What are the prime factors of 24586?
2, 19, 647
List the prime factors of 458.
2, 229
What are the prime factors of 693?
3, 7, 11
List the prime factors of 84387.
3, 23, 1223
List the prime factors of 8207.
29, 283
List the prime factors of 2064.
2, 3, 43
What are the prime factors of 13503?
3, 7, 643
List the prime factors of 58094.
2, 31, 937
What are the prime factors of 101072?
2, 6317
What are the prime factors of 40440?
2, 3, 5, 337
List the prime factors of 1051.
1051
What are the prime factors of 23994?
2, 3, 31, 43
What are the prime factors of 1053?
3, 13
What are the prime factors of 50006?
2, 11, 2273
List the prime factors of 123.
3, 41
What are the prime factors of 1426?
2, 23, 31
List the prime factors of 1067.
11, 97
List the prime factors of 1272.
2, 3, 53
List the prime factors of 35702.
2, 17851
List the prime factors of 22335.
3, 5, 1489
What are the prime factors of 2993?
41, 73
What are the prime factors of 799?
17, 47
List the prime factors of 4672.
2, 73
List the prime factors of 483.